{"id":1014,"date":"2019-07-18T10:16:17","date_gmt":"2019-07-18T07:16:17","guid":{"rendered":"http:\/\/www.dewlemend.com\/gayrimenkul\/?page_id=1014"},"modified":"2022-09-30T11:28:24","modified_gmt":"2022-09-30T08:28:24","slug":"insan-kaynaklari","status":"publish","type":"page","link":"https:\/\/www.dewlemend.com\/gayrimenkul\/insan-kaynaklari\/","title":{"rendered":"\u0130nsan Kaynaklar\u0131"},"content":{"rendered":"<p>[vc_row][vc_column width=&#8221;1\/4&#8243; offset=&#8221;vc_hidden-xs&#8221;][vc_wp_custommenu nav_menu=&#8221;18&#8243; el_class=&#8221;sayfamenu&#8221;][\/vc_column][vc_column width=&#8221;3\/4&#8243;][vc_single_image image=&#8221;1016&#8243; img_size=&#8221;full&#8221; alignment=&#8221;center&#8221; style=&#8221;vc_box_shadow&#8221;][vc_column_text]<\/p>\n<h2>GEL\u0130N KAR\u0130YER\u0130N\u0130Z\u0130 BERABER GEL\u0130\u015eT\u0130REL\u0130M!<\/h2>\n<p>\u00c7e\u015fitli \u00fclkelerde en b\u00fcy\u00fck ve en karma\u015f\u0131k projeleri tasarlar, in\u015fa eder ve s\u00fcrd\u00fcr\u00fcr\u00fcz. Biz her bir projeyi Dewlemend\u2019in \u00fcstlendi\u011fi ve \u00e7\u00f6z\u00fcme kavu\u015fturdu\u011fu k\u00fcresel bir zorluk olarak g\u00f6r\u00fcr\u00fcz. Bu y\u00fczden Dewlemend \u00e7al\u0131\u015fanlar\u0131 karma\u015f\u0131k projelerin g\u00fcvenli bir \u015fekilde ve en y\u00fcksek kalite ile y\u00fcr\u00fct\u00fclmesini sa\u011flamak amac\u0131yla bug\u00fcn kullan\u0131lan ara\u00e7lar\u0131n ve sistemlerin geli\u015ftirilmesinde etkili olmu\u015flard\u0131r.<\/p>\n<p>Bireysel olarak tak\u0131m \u00e7al\u0131\u015fmas\u0131na de\u011fer veriyorsan\u0131z ve kariyerinizde ilerlemek ve Dewlemend&#8217;in proje icras\u0131n\u0131 yeni bir d\u00fczeye ta\u015f\u0131mas\u0131na katk\u0131 sa\u011flamak istiyorsan\u0131z kariyerinizi birlikte geli\u015ftirmek i\u00e7in bize kat\u0131l\u0131n.[\/vc_column_text][vc_single_image image=&#8221;1509&#8243; img_size=&#8221;full&#8221; alignment=&#8221;center&#8221; style=&#8221;vc_box_shadow&#8221;][vc_column_text]<\/p>\n<h2>\u0130NSAN KAYNAKLARI<\/h2>\n<p>En b\u00fcy\u00fck yat\u0131r\u0131m\u0131m\u0131z insan.<\/p>\n<p>G\u00fcvenli, istikrarl\u0131, sa\u011flam, en iyi teknolojiyi kullanan, s\u00fcrekli geli\u015fen bir yap\u0131 i\u00e7erisinde Dewlemend olarak amac\u0131m\u0131z, \u00e7al\u0131\u015fanlar\u0131m\u0131z\u0131n gerek ki\u015fisel, gerekse mesleki anlamda kendilerini geli\u015ftirecekleri kaynaklar sunmak ve mevcut potansiyellerini en \u00fcst d\u00fczeyde kullanmalar\u0131n\u0131 sa\u011flayacak bir \u00e7al\u0131\u015fma ortam\u0131 yaratmaktad\u0131r.<\/p>\n<p>\u0130nsan Kaynaklar\u0131 politikam\u0131z da \u00e7al\u0131\u015fanlar\u0131m\u0131z\u0131n bilgi, beceri, uyum, motivasyon ve tatmin d\u00fczeylerinin y\u00fckseltilmesini ilke edinmi\u015f, bunlar\u0131n ger\u00e7ekle\u015ftirilmesi i\u00e7in \u00e7al\u0131\u015fmalara ba\u015flam\u0131\u015f ve s\u00fcrekli kendini yenilemeyi ama\u00e7 edinmi\u015ftir.<\/p>\n<p>G\u00fcler y\u00fczl\u00fc, yeniliklere a\u00e7\u0131k, bilgiyi payla\u015fan, h\u0131zl\u0131 \u00e7\u00f6z\u00fcmler \u00fcreten, g\u00fcvenilir,m\u00fc\u015fteri odakl\u0131 yakla\u015f\u0131m\u0131 ilke edinmi\u015f \u00e7al\u0131\u015fanlardan olu\u015fan Dewlemend\u2019liler aras\u0131na kat\u0131labilmek ise bir ayr\u0131cal\u0131kt\u0131r.[\/vc_column_text][vc_single_image image=&#8221;1505&#8243; img_size=&#8221;full&#8221; alignment=&#8221;center&#8221; style=&#8221;vc_box_shadow&#8221;][vc_column_text]<\/p>\n<h2>KAR\u0130YER<\/h2>\n<p>Neden Dewlemend&#8217;li Olmal\u0131s\u0131n?<\/p>\n<p>Faaliyet g\u00f6sterdi\u011fi sekt\u00f6rlerde lider ve \u00f6nc\u00fc bir konumda olan Dewlemend, s\u00fcrd\u00fcr\u00fclebilir ba\u015far\u0131s\u0131na de\u011fer katmak i\u00e7in kurumsal de\u011ferlerine uygun ve yetkin \u00e7al\u0131\u015fanlar\u0131 b\u00fcnyesinde istihdam etmektedir. \u201cS\u00fcrekli Geli\u015fim\u201d prensibini benimseyen Dewlemend, \u00e7al\u0131\u015fanlar\u0131n\u0131n ki\u015fisel ve mesleki geli\u015fimlerine \u00f6nem vermekte ve bunun i\u00e7in baz\u0131 programlar d\u00fczenlemektedir.<\/p>\n<p>Kurumsal de\u011ferleri ile, Dewlemend farkl\u0131l\u0131klara sayg\u0131 g\u00f6sterildi\u011fi ve e\u015fitlik, g\u00fcvenilirlik ve d\u00fcr\u00fcstl\u00fck gibi ilkelerin benimsendi\u011fi bir i\u015f ortam\u0131n\u0131 \u00e7al\u0131\u015fanlar\u0131na sunmaktad\u0131r. Yenilik\u00e7i, dinamik, alan\u0131nda uzman ve tak\u0131m ruhu ile hareket eden \u00e7al\u0131\u015fan kadrosu ile Dewlemend&#8217;te uluslararas\u0131 zorlu ve iddial\u0131 projelere imza at\u0131lmaktad\u0131r. \u00c7evre ve insan sa\u011fl\u0131\u011f\u0131na kar\u015f\u0131 duyarl\u0131 olan Dewlemend te ayr\u0131ca bir \u00e7ok s\u00fcrd\u00fcr\u00fclebilir ve \u00e7evre dostu projeler de hayata ge\u00e7irilmektedir.[\/vc_column_text][vc_row_inner][vc_column_inner width=&#8221;1\/3&#8243;]<style type=\"text\/css\" data-type=\"the7_shortcodes-inline-css\">#default-btn-e13bec94697a14073a4f69c94b7d1871 > i {\n  font-size: 11px;\n}\n#default-btn-e13bec94697a14073a4f69c94b7d1871 * {\n  vertical-align: middle;\n}\n<\/style><div class=\"btn-align-center\"><a href=\"http:\/\/www.dewlemend.com\/insaat\/is-basvurusu\/\" class=\"default-btn-shortcode dt-btn dt-btn-m ico-right-side full-width-btn \" id=\"default-btn-e13bec94697a14073a4f69c94b7d1871\" title=\"\u0130\u015f Ba\u015fvurusu\"><span>\u0130\u015e BA\u015eVURU FORMU<\/span><i class=\"Defaults-arrow-right\"><\/i><\/a><\/div>[vc_empty_space height=&#8221;20px&#8221;][\/vc_column_inner][vc_column_inner width=&#8221;1\/3&#8243;]<style type=\"text\/css\" data-type=\"the7_shortcodes-inline-css\">#default-btn-1faee21c3e1eae1f302192272e1af698 > i {\n  font-size: 11px;\n}\n#default-btn-1faee21c3e1eae1f302192272e1af698 * {\n  vertical-align: middle;\n}\n<\/style><div class=\"btn-align-center\"><a href=\"http:\/\/www.dewlemend.com\/insaat\/staj-basvurusu\/\" class=\"default-btn-shortcode dt-btn dt-btn-m ico-right-side full-width-btn \" id=\"default-btn-1faee21c3e1eae1f302192272e1af698\" title=\"Staj Ba\u015fvurusu\"><span>STAJ BA\u015eVURU FORMU<\/span><i class=\"Defaults-arrow-right\"><\/i><\/a><\/div>[vc_empty_space height=&#8221;20px&#8221;][\/vc_column_inner][vc_column_inner width=&#8221;1\/3&#8243;]<style type=\"text\/css\" data-type=\"the7_shortcodes-inline-css\">#default-btn-859c391fcc52a5abc63185e9785f0396 > i {\n  font-size: 11px;\n}\n#default-btn-859c391fcc52a5abc63185e9785f0396 * {\n  vertical-align: middle;\n}\n<\/style><div class=\"btn-align-center\"><a href=\"https:\/\/www.dewlemend.com\/gayrimenkul\/video-basvuru-formu\/\" class=\"default-btn-shortcode dt-btn dt-btn-m ico-right-side full-width-btn \" id=\"default-btn-859c391fcc52a5abc63185e9785f0396\" title=\"Video Ba\u015fvuru\"><span>V\u0130DEO BA\u015eVURU FORMU<\/span><i class=\"Defaults-arrow-right\"><\/i><\/a><\/div>[vc_empty_space height=&#8221;20px&#8221;][\/vc_column_inner][\/vc_row_inner][\/vc_column][\/vc_row]<\/p>\n","protected":false},"excerpt":{"rendered":"<p>[vc_row][vc_column width=&#8221;1\/4&#8243; offset=&#8221;vc_hidden-xs&#8221;][vc_wp_custommenu nav_menu=&#8221;18&#8243; el_class=&#8221;sayfamenu&#8221;][\/vc_column][vc_column width=&#8221;3\/4&#8243;][vc_single_image image=&#8221;1016&#8243; img_size=&#8221;full&#8221; alignment=&#8221;center&#8221; style=&#8221;vc_box_shadow&#8221;][vc_column_text] GEL\u0130N KAR\u0130YER\u0130N\u0130Z\u0130 BERABER GEL\u0130\u015eT\u0130REL\u0130M! \u00c7e\u015fitli \u00fclkelerde en b\u00fcy\u00fck ve en karma\u015f\u0131k projeleri tasarlar, in\u015fa eder ve s\u00fcrd\u00fcr\u00fcr\u00fcz. Biz her bir projeyi Dewlemend\u2019in \u00fcstlendi\u011fi ve \u00e7\u00f6z\u00fcme kavu\u015fturdu\u011fu k\u00fcresel bir zorluk olarak g\u00f6r\u00fcr\u00fcz. Bu y\u00fczden Dewlemend \u00e7al\u0131\u015fanlar\u0131 karma\u015f\u0131k projelerin g\u00fcvenli bir \u015fekilde ve en y\u00fcksek kalite ile&hellip;<\/p>\n","protected":false},"author":1,"featured_media":0,"parent":0,"menu_order":0,"comment_status":"closed","ping_status":"closed","template":"","meta":[],"_links":{"self":[{"href":"https:\/\/www.dewlemend.com\/gayrimenkul\/wp-json\/wp\/v2\/pages\/1014"}],"collection":[{"href":"https:\/\/www.dewlemend.com\/gayrimenkul\/wp-json\/wp\/v2\/pages"}],"about":[{"href":"https:\/\/www.dewlemend.com\/gayrimenkul\/wp-json\/wp\/v2\/types\/page"}],"author":[{"embeddable":true,"href":"https:\/\/www.dewlemend.com\/gayrimenkul\/wp-json\/wp\/v2\/users\/1"}],"replies":[{"embeddable":true,"href":"https:\/\/www.dewlemend.com\/gayrimenkul\/wp-json\/wp\/v2\/comments?post=1014"}],"version-history":[{"count":2,"href":"https:\/\/www.dewlemend.com\/gayrimenkul\/wp-json\/wp\/v2\/pages\/1014\/revisions"}],"predecessor-version":[{"id":2344,"href":"https:\/\/www.dewlemend.com\/gayrimenkul\/wp-json\/wp\/v2\/pages\/1014\/revisions\/2344"}],"wp:attachment":[{"href":"https:\/\/www.dewlemend.com\/gayrimenkul\/wp-json\/wp\/v2\/media?parent=1014"}],"curies":[{"name":"wp","href":"https:\/\/api.w.org\/{rel}","templated":true}]}}