{"id":1156,"date":"2019-07-22T12:06:47","date_gmt":"2019-07-22T09:06:47","guid":{"rendered":"http:\/\/www.dewlemend.com\/gayrimenkul\/?page_id=1156"},"modified":"2022-09-14T11:44:41","modified_gmt":"2022-09-14T08:44:41","slug":"yonetim-kurulu","status":"publish","type":"page","link":"https:\/\/www.dewlemend.com\/gayrimenkul\/yonetim-kurulu\/","title":{"rendered":"Y\u00f6netim Kurulu"},"content":{"rendered":"<p>[vc_row][vc_column width=&#8221;1\/3&#8243;][\/vc_column][vc_column width=&#8221;1\/3&#8243;][vc_single_image image=&#8221;1973&#8243; img_size=&#8221;full&#8221; alignment=&#8221;center&#8221; style=&#8221;vc_box_shadow&#8221;][vc_column_text]<\/p>\n<h2 style=\"text-align: center;\">FERHAT DEVLEMEND<\/h2>\n<p style=\"text-align: center;\">Y\u00f6netim Kurulu Ba\u015fkan\u0131<\/p>\n<p>[\/vc_column_text][\/vc_column][vc_column width=&#8221;1\/3&#8243;][\/vc_column][\/vc_row]<\/p>\n","protected":false},"excerpt":{"rendered":"<p>[vc_row][vc_column width=&#8221;1\/3&#8243;][\/vc_column][vc_column width=&#8221;1\/3&#8243;][vc_single_image image=&#8221;1973&#8243; img_size=&#8221;full&#8221; alignment=&#8221;center&#8221; style=&#8221;vc_box_shadow&#8221;][vc_column_text] FERHAT DEVLEMEND Y\u00f6netim Kurulu Ba\u015fkan\u0131 [\/vc_column_text][\/vc_column][vc_column width=&#8221;1\/3&#8243;][\/vc_column][\/vc_row]<\/p>\n","protected":false},"author":1,"featured_media":0,"parent":0,"menu_order":0,"comment_status":"closed","ping_status":"closed","template":"","meta":[],"_links":{"self":[{"href":"https:\/\/www.dewlemend.com\/gayrimenkul\/wp-json\/wp\/v2\/pages\/1156"}],"collection":[{"href":"https:\/\/www.dewlemend.com\/gayrimenkul\/wp-json\/wp\/v2\/pages"}],"about":[{"href":"https:\/\/www.dewlemend.com\/gayrimenkul\/wp-json\/wp\/v2\/types\/page"}],"author":[{"embeddable":true,"href":"https:\/\/www.dewlemend.com\/gayrimenkul\/wp-json\/wp\/v2\/users\/1"}],"replies":[{"embeddable":true,"href":"https:\/\/www.dewlemend.com\/gayrimenkul\/wp-json\/wp\/v2\/comments?post=1156"}],"version-history":[{"count":1,"href":"https:\/\/www.dewlemend.com\/gayrimenkul\/wp-json\/wp\/v2\/pages\/1156\/revisions"}],"predecessor-version":[{"id":2201,"href":"https:\/\/www.dewlemend.com\/gayrimenkul\/wp-json\/wp\/v2\/pages\/1156\/revisions\/2201"}],"wp:attachment":[{"href":"https:\/\/www.dewlemend.com\/gayrimenkul\/wp-json\/wp\/v2\/media?parent=1156"}],"curies":[{"name":"wp","href":"https:\/\/api.w.org\/{rel}","templated":true}]}}